a + 16. List the prime factors of o(-4).
3, 11
Let o = 68 + -60. Suppose -o*g + 516 = -1868. What are the prime factors of g?
2, 149
Let z = 1717 + -722. List the prime factors of z.
5, 199
Let b = -800 + 1446. What are the prime factors of b?
2, 17, 19
Let b be 4*(-7)/98 + (-760)/(-14). Suppose w + 6*c - b = c, 3*w = 4*c + 257. What are the prime factors of w?
79
Let q be (-10)/3 - (-12)/(-18). Let r(i) = 9*i + 3. Let n be r(q). What are the prime factors of (176/n)/((-2)/6)?
2
Suppose 66*m - 56*m - 3420 = 0. What are the prime factors of m?
2, 3, 19
Let q = -18 + 2. Let u = 206 - q. Suppose 0*f = -3*f + u. What are the prime factors of f?
2, 37
Let s be 4/(-3) - 16/(-3). Suppose -215 = -s*l - 3. What are the prime factors of l?
53
Let d = 397 - -162. List the prime factors of d.
13, 43
Suppose 41*m + 37752 = 54*m. What are the prime factors of m?
2, 3, 11
Suppose -35*j + 228448 = 24*j. What are the prime factors of j?
2, 11
Let a(z) = -z**2 + 11*z - 7. Let f be a(10). Suppose -4*b - 3*g + 219 = 0, 0 = -f*b + 3*g + 77 + 82. List the prime factors of b.
2, 3
Suppose 3*b - 19 = 2. Let x = b + 1. List the prime factors of x.
2
Let b = 18 - -3. List the prime factors of (-3772)/(-28) - (-6)/b.
3, 5
What are the prime factors of 7*-1*(-108 - -45)?
3, 7
Let s = -348 - -489. List the prime factors of s.
3, 47
Let f(g) be the second derivative of g**8/420 - g**7/2520 + g**5/120 + 7*g**4/6 - 5*g. Let x(j) be the third derivative of f(j). List the prime factors of x(1).
2
Suppose -3*w + 5*b + 4 = 0, 5*w - 5*b = w + 12. Let t(y) = 2*y**2 - 35*y - 4 + 20*y + 3. List the prime factors of t(w).
7
Suppose 10*p - 175 = 3*p. Suppose -p*f + 27*f = 516. List the prime factors of f.
2, 3, 43
Let o(h) = -6*h + 82. List the prime factors of o(5).
2, 13
Suppose -2*w - 3*f = 138 - 427, 4*w = 4*f + 528. Suppose -2*x - 1 + 15 = 0. Suppose 3*a + 3*s = x*s + w, a = -2*s + 29. List the prime factors of a.
3, 13
Let d(s) = 5 + 10 - 3*s + 2*s + s**3. Suppose 3*b = -2*b. List the prime factors of d(b).
3, 5
List the prime factors of 1237/(-2*(-6 - (-33)/6)).
1237
What are the prime factors of (-20)/(-45) + 68001/27?
11, 229
Let l = 32 + -17. Suppose -j - 4*j + l = 0. Suppose -j*q - 20 + 107 = 0. What are the prime factors of q?
29
Let x be ((-4)/7)/(28/(-98)). What are the prime factors of (0 - x) + (-260)/(-5)?
2, 5
Suppose c - 3*c = 3*v - 402, -4*v - 620 = -3*c. List the prime factors of c.
2, 3, 17
Let m(g) = 65*g**2 - 3*g + 1. Suppose 7*x - 2 = 5*x. Let h be m(x). List the prime factors of 9/h - (-27)/7.
2
Let r(z) = -18*z**3 - 2*z - 1. Let h be r(-1). Suppose 13 - h = -a. List the prime factors of a.
2, 3
Suppose -5 = -2*x + 5*c, 6*x - 26 = x - c. Suppose -x*i + 2*i + 6 = 0. Suppose 2*u - i*g - 46 = 0, -2*u + g = 3*u - 103. List the prime factors of u.
2, 5
Suppose -6*r + 1726 = -4538. Suppose r = 10*v - 406. List the prime factors of v.
5, 29
Let o(c) = -c**2 - c + 4. Let v be o(0). Let m(h) = h**2 + 5*h + 2. Let n be m(-10). Let a = n - v. List the prime factors of a.
2, 3
Suppose 25 = 5*i + 105. Let v be (-4)/i - (-27)/4. Suppose -c = v - 48. List the prime factors of c.
41
Suppose 6*a = 12*a - 8868. What are the prime factors of a?
2, 739
Let r = -1316 + 3324. List the prime factors of r.
2, 251
Let j = 262 + -136. Suppose j = s + 5*s. List the prime factors of s.
3, 7
Let h(x) = -x**3 + 6*x**2 - 2*x + 4. Let s = -3 + 6. Suppose -5*t = -3*z - s*t + 17, 0 = -3*t - 3. List the prime factors of h(z).
19
Let l(s) = 237*s - 148. List the prime factors of l(8).
2, 19, 23
Suppose -2*b + 21*b = 26315. What are the prime factors of b?
5, 277
Suppose -48 - 56 = -4*m. Let z = m - 21. Suppose 2*k + 5*j + 0 - z = 0, -k + 3*j + 30 = 0. What are the prime factors of k?
3, 5
Let s(u) = u - 7. Let m(l) = -l**2 - 12*l + 8. Let d be m(-12). Let g be s(d). List the prime factors of 1/((-2)/(-42)*g).
3, 7
Let g = -55 + 279. List the prime factors of g.
2, 7
List the prime factors of (-2)/(-3) + 66*(-56)/(-18).
2, 103
Suppose 3*z + 5*w = 447 + 415, 3*z = -3*w + 852. What are the prime factors of z?
3, 31
Suppose 5*v - 5*u = -5, -3*v + u + 15 = 2*v. Suppose v*y = 3 - 19. List the prime factors of (26/y)/(1/(-2)).
13
Suppose 4*v + u = 5*u + 2264, 3*u + 15 = 0. Suppose -2*t + w + 3*w + 374 = 0, 3*t + 5*w - v = 0. List the prime factors of t.
11, 17
Let q = 8 + -3. Suppose -3*l = 2*l + 15. Let u = l + q. List the prime factors of u.
2
Let m = 79 + 26. Let y = m + -67. What are the prime factors of y?
2, 19
Suppose -2*h = -5*n + 31, -4*h + 5*h + 19 = 3*n. Let x = 131 + n. What are the prime factors of x?
2, 3, 23
Suppose -3*i + 14 = -1. Suppose 2*m - i*h = -0*m + 170, 316 = 4*m + 2*h. What are the prime factors of m?
2, 5
Suppose 0 = -68*z + 259207 - 102195. List the prime factors of z.
2309
What are the prime factors of (-210 - (0 - 0))/((-50)/925)?
3, 5, 7, 37
Suppose -7*m + 415 + 4184 = 0. What are the prime factors of m?
3, 73
Let g be 1807/39 - (-2)/(-6). Suppose p - g = 4*c - p, -19 = c - 3*p. List the prime factors of 1 + 0 - (c - -1).
2, 5
Let k = -42 - -407. Suppose -k = 2*i - 5*i - 4*j, -2*i + 3*j = -249. What are the prime factors of i?
3, 41
Let l = -15 - -17. Suppose -l*f + 14 = -p + 2*p, 34 = 3*p + 4*f. List the prime factors of p.
2, 3
Let g(m) = 116*m + 4. What are the prime factors of g(2)?
2, 59
Let b be -177*5/(-15)*3. Let v = b - 105. What are the prime factors of v?
2, 3
Let b be ((-6)/(-9))/(4/(-354)). Let m = b + 74. List the prime factors of m.
3, 5
Let z be -15*(8/(-2))/20. Let o(b) = 9*b**2 - 5*b + 3. List the prime factors of o(z).
3, 23
Let p = 68 - 43. Suppose -3*h = -5*d - p, -5*h - 3*d = -5*d - 10. Suppose h = 5*u - 3*v - 255, -4*u + 184 + 13 = -v. What are the prime factors of u?
2, 3
Suppose -2*f - 4*z = 2, -f - 2*f = -4*z + 13. What are the prime factors of 3 + (54 - f)/(6/8)?
79
Suppose 0 = 9*v - 4554 - 747. What are the prime factors of v?
19, 31
Suppose -6*q + 4*q + 40 = 0. Suppose -5*w + x = -842, q + 138 = w + 5*x. List the prime factors of w.
2, 3, 7
Let j = 17 + -15. Suppose -2*v + 2*i = 4*i - 2, 2*i + j = 0. List the prime factors of (184/(-12))/(v/(-6)).
2, 23
Let f(g) = 63*g**2 + 6*g + 12. Let t(x) = 2*x**2 + 10*x - 14. Let w be t(-6). List the prime factors of f(w).
2, 3, 7
Let w(q) = 3*q**3 + 4*q**2 - 4*q - 3. Let p be w(-4). Let k = p + 238. List the prime factors of k.
3, 41
Let s = 1010 + -661. List the prime factors of s.
349
Let t be -12 + -4 + (1 - 0). Let l = 97 - t. List the prime factors of l.
2, 7
Let y(p) = 5*p. Let c be (-4)/2*15/(-6). Let f = c - 4. List the prime factors of y(f).
5
Let d(m) = m**3 + 8*m**2 + 10*m + 1. Let k be d(-6). Let a(b) = 6*b - 2. List the prime factors of a(k).
2, 19
Let k = 5 - -13. Let y = 66 - k. List the prime factors of y.
2, 3
Suppose -7*f = 8*f - 10965. Suppose 549 = 3*l + 3*x, -4*l + f = 7*x - 2*x. What are the prime factors of l?
2, 23
Let x = -40 + 40. Suppose x = -4*c + 104 + 196. List the prime factors of c.
3, 5
Let u(y) = -15*y - 2 + 7 - 1 + 8. List the prime factors of u(-6).
2, 3, 17
Suppose 15 = 27*n - 22*n. Suppose 2*t - n*k - 323 - 30 = 0, 4*t + 2*k - 666 = 0. List the prime factors of t.
13
Suppose 0 = -5*n + 40 - 15. Let l(y) = -1 + n*y - 6 - y. List the prime factors of l(6).
17
Let q = 17 + -11. Let f be (3 - 4)/((-2)/q). Suppose -2*a - f*c + 117 = 0, 2*a - 2*c - 1 = 131. What are the prime factors of a?
3, 7
Let f = -18 - -58. What are the prime factors of (f/(-2))/(4/(-14))?
2, 5, 7
Let x(n) = 2*n**2 + 23*n + 7. Let g be x(-13). Let i = -17 + g. What are the prime factors of i?
29
Suppose v = -z + 693, 3*v + 0*v = 2*z - 1411. List the prime factors of z.
2, 349
Suppose 0*s + 21 = 3*s. Let y = 10 - s. Suppose g - 5 = 4*d, 2*g + y*d - 2*d = 55. What are the prime factors of g?
5
Suppose 15*p = 19*p + 8, -d - 4*p = -5550. What are the prime factors of d?
2, 7, 397
Suppose -176 = -4*v - 0*v. Suppose -v - 36 = -2*q. Suppose c + q = 3*c. What are the prime factors of c?
2, 5
Let f = 5 - 23. Let u = 21 + f. List the prime factors of u.
3
Let d(y) = -y**3 + 4*y**2 - 3*y. Let f be d(3). Suppose f*n = 5*n + 5. Let v(x) = 12*x**2 + 2*x + 2. List the prime factors of v(n).
2, 3
Let r = 1313 - 928. What are the prime factors of r?
5, 7, 11
Suppose 0 = -2*t - 1 + 23. Let m(i) = i**2 - 10*i - 9